{"id":1638,"date":"2017-04-07T22:05:53","date_gmt":"2017-04-07T19:05:53","guid":{"rendered":"http:\/\/rulekip.com.tr\/?page_id=1638"},"modified":"2017-05-16T22:24:02","modified_gmt":"2017-05-16T19:24:02","slug":"hakkimizda","status":"publish","type":"page","link":"https:\/\/rulekip.com.tr\/index.php\/hakkimizda\/","title":{"rendered":"Hakk\u0131m\u0131zda"},"content":{"rendered":"<table border=\"0\" width=\"100%\" cellspacing=\"0\" cellpadding=\"0\">\n<tbody>\n<tr>\n<td class=\"kat_orta\"><strong>Hakk\u0131m\u0131zda<\/strong><\/td>\n<td class=\"kat_sag\" width=\"32\"><\/td>\n<\/tr>\n<\/tbody>\n<\/table>\n<table class=\"tablo_border\" border=\"0\" width=\"100%\" cellspacing=\"0\" cellpadding=\"0\">\n<tbody>\n<tr>\n<td valign=\"top\" height=\"302\">\n<div align=\"left\"><\/div>\n<div align=\"left\"><\/div>\n<div align=\"left\"><\/div>\n<div align=\"left\"><\/div>\n<div align=\"left\">Rulekip 2007 \u015fubat ay\u0131n da NSK markas\u0131 ile yola \u00e7\u0131km\u0131\u015f ve\u00a0kalitesi ile birlikte g\u00fcn\u00fcm\u00fcze kadar \u00a0b\u00fcy\u00fcyerek ula\u015fm\u0131\u015ft\u0131r. \u015eirketimiz NSK rulmanlar\u0131n\u0131n yan\u0131 s\u0131ra di\u011fer marka rulmanlar ve b\u00fct\u00fcn aktarma organlar\u0131n\u0131n tedari\u011fini sa\u011flamaktad\u0131r.<\/div>\n<p align=\"left\">NSK m\u00fchendislerinin deste\u011fi ile birlikte fabrikalarda rulmanlar ile ya\u015fanan t\u00fcm sorunlar\u0131n\u0131za \u00e7\u00f6z\u00fcm getirebilece\u011fimiz gibi proje deste\u011fi de sa\u011flamaktay\u0131z.<\/p>\n<p align=\"left\">Uzun y\u0131llar birlikte ortak \u00e7al\u0131\u015fmak \u00fcmidi ile sayg\u0131lar\u0131m\u0131z\u0131 sunar\u0131z&#8230;<\/p>\n<p style=\"text-align: right;\" align=\"left\">\u00a0\u00a0\u00a0\u00a0\u00a0\u00a0\u00a0\u00a0\u00a0\u00a0\u00a0\u00a0\u00a0\u00a0\u00a0\u00a0\u00a0\u00a0\u00a0\u00a0\u00a0\u00a0\u00a0\u00a0\u00a0\u00a0\u00a0\u00a0\u00a0\u00a0\u00a0\u00a0\u00a0\u00a0\u00a0\u00a0\u00a0\u00a0\u00a0\u00a0\u00a0\u00a0\u00a0\u00a0\u00a0\u00a0\u00a0\u00a0\u00a0\u00a0\u00a0\u00a0\u00a0\u00a0\u00a0\u00a0\u00a0\u00a0\u00a0\u00a0\u00a0\u00a0\u00a0\u00a0\u00a0\u00a0\u00a0\u00a0\u00a0\u00a0\u00a0\u00a0\u00a0\u00a0\u00a0\u00a0\u00a0\u00a0\u00a0\u00a0\u00a0\u00a0\u00a0\u00a0\u00a0<em>\u00a0\u00a0\u00a0\u00a0\u00a0\u00a0\u00a0\u00a0 Ersin\u00a0AKARSU<\/em><\/p>\n<p style=\"text-align: left;\" align=\"left\"><strong>Rulekip olarak i\u015ftirakimiz\u00a0olanan <a href=\"http:\/\/tasimasistemleri.com\">ta\u015f\u0131ma sistemleri<\/a>ni gururla sunar\u0131z<\/strong><\/p>\n<p class=\"vc_custom_heading\">A\u011fa\u00e7 \u0130\u015fleme, Kimyasallar, G\u0131da, Ambalaj, Refrakter, Beyaz E\u015fya, Bask\u0131 ve Lojistik gibi t\u00fcm genel end\u00fcstriler i\u00e7in vakum kald\u0131r\u0131c\u0131lar ve<br \/>\nm\u00fchendislik kald\u0131rma ve ta\u015f\u0131ma \u00e7\u00f6z\u00fcmleri i\u00e7eren malzeme ta\u015f\u0131ma ekipman\u0131 sa\u011fl\u0131yoruz.<\/p>\n<p><strong>web sitemiz :<\/strong> <a href=\"http:\/\/tasimasistemleri.com\">www.tasimasistemleri.com<\/a><\/td>\n<\/tr>\n<\/tbody>\n<\/table>\n","protected":false},"excerpt":{"rendered":"<p>Hakk\u0131m\u0131zda Rulekip 2007 \u015fubat ay\u0131n da NSK markas\u0131 ile yola \u00e7\u0131km\u0131\u015f ve\u00a0kalitesi ile birlikte g\u00fcn\u00fcm\u00fcze kadar \u00a0b\u00fcy\u00fcyerek ula\u015fm\u0131\u015ft\u0131r. \u015eirketimiz NSK rulmanlar\u0131n\u0131n yan\u0131 s\u0131ra di\u011fer marka rulmanlar ve b\u00fct\u00fcn aktarma organlar\u0131n\u0131n tedari\u011fini sa\u011flamaktad\u0131r. NSK m\u00fchendislerinin deste\u011fi ile birlikte fabrikalarda rulmanlar ile ya\u015fanan t\u00fcm sorunlar\u0131n\u0131za \u00e7\u00f6z\u00fcm getirebilece\u011fimiz gibi proje deste\u011fi de sa\u011flamaktay\u0131z. Uzun y\u0131llar birlikte ortak \u00e7al\u0131\u015fmak \u00fcmidi ile sayg\u0131lar\u0131m\u0131z\u0131 sunar\u0131z&#8230; \u00a0\u00a0\u00a0\u00a0\u00a0\u00a0\u00a0\u00a0\u00a0\u00a0\u00a0\u00a0\u00a0\u00a0\u00a0\u00a0\u00a0\u00a0\u00a0\u00a0\u00a0\u00a0\u00a0\u00a0\u00a0\u00a0\u00a0\u00a0\u00a0\u00a0\u00a0\u00a0\u00a0\u00a0\u00a0\u00a0\u00a0\u00a0\u00a0\u00a0\u00a0\u00a0\u00a0\u00a0\u00a0\u00a0\u00a0\u00a0\u00a0\u00a0\u00a0\u00a0\u00a0\u00a0\u00a0\u00a0\u00a0\u00a0\u00a0\u00a0\u00a0\u00a0\u00a0\u00a0\u00a0\u00a0\u00a0\u00a0\u00a0\u00a0\u00a0\u00a0\u00a0\u00a0\u00a0\u00a0\u00a0\u00a0\u00a0\u00a0\u00a0\u00a0\u00a0\u00a0\u00a0\u00a0\u00a0\u00a0\u00a0\u00a0\u00a0\u00a0\u00a0 Ersin\u00a0AKARSU Rulekip olarak i\u015ftirakimiz\u00a0olanan ta\u015f\u0131ma sistemlerini gururla sunar\u0131z A\u011fa\u00e7 \u0130\u015fleme, Kimyasallar, G\u0131da, Ambalaj, Refrakter, Beyaz E\u015fya, Bask\u0131 ve Lojistik gibi t\u00fcm genel end\u00fcstriler i\u00e7in vakum kald\u0131r\u0131c\u0131lar ve m\u00fchendislik kald\u0131rma ve ta\u015f\u0131ma \u00e7\u00f6z\u00fcmleri i\u00e7eren malzeme ta\u015f\u0131ma ekipman\u0131 sa\u011fl\u0131yoruz. web sitemiz : www.tasimasistemleri.com<\/p>\n","protected":false},"author":5,"featured_media":0,"parent":0,"menu_order":0,"comment_status":"closed","ping_status":"closed","template":"","meta":[],"_links":{"self":[{"href":"https:\/\/rulekip.com.tr\/index.php\/wp-json\/wp\/v2\/pages\/1638"}],"collection":[{"href":"https:\/\/rulekip.com.tr\/index.php\/wp-json\/wp\/v2\/pages"}],"about":[{"href":"https:\/\/rulekip.com.tr\/index.php\/wp-json\/wp\/v2\/types\/page"}],"author":[{"embeddable":true,"href":"https:\/\/rulekip.com.tr\/index.php\/wp-json\/wp\/v2\/users\/5"}],"replies":[{"embeddable":true,"href":"https:\/\/rulekip.com.tr\/index.php\/wp-json\/wp\/v2\/comments?post=1638"}],"version-history":[{"count":6,"href":"https:\/\/rulekip.com.tr\/index.php\/wp-json\/wp\/v2\/pages\/1638\/revisions"}],"predecessor-version":[{"id":2150,"href":"https:\/\/rulekip.com.tr\/index.php\/wp-json\/wp\/v2\/pages\/1638\/revisions\/2150"}],"wp:attachment":[{"href":"https:\/\/rulekip.com.tr\/index.php\/wp-json\/wp\/v2\/media?parent=1638"}],"curies":[{"name":"wp","href":"https:\/\/api.w.org\/{rel}","templated":true}]}}